{"id":82,"date":"2024-02-28T16:02:14","date_gmt":"2024-02-28T16:02:14","guid":{"rendered":"https:\/\/andersen-walschleben.de\/?page_id=82"},"modified":"2026-04-01T09:22:25","modified_gmt":"2026-04-01T09:22:25","slug":"termine","status":"publish","type":"page","link":"https:\/\/andersen-walschleben.de\/?page_id=82","title":{"rendered":"Aktuelle Termine"},"content":{"rendered":"\n<p class=\"has-large-font-size\">April 2026<\/p>\n\n\n\n<p><\/p>\n\n\n\n<figure class=\"wp-block-table\"><table><tbody><tr><td>20.-24.04.2026<\/td><td>&#8222;Hans Christian Andersen&#8220;- Tage: klasseninterne Projekte<\/td><\/tr><tr><td>21.04.26<\/td><td>B\u00fccherabgabe f\u00fcr den B\u00fccherbasar<\/td><\/tr><tr><td>22.04.26<\/td><td>&#8222;Fit f\u00fcr Sport&#8220; Kl. 4c<\/td><\/tr><tr><td>24.04.26<\/td><td>B\u00fcchertausch<\/td><\/tr><tr><td>27.04.26<\/td><td>Fr\u00fchjahrscrosslauf <\/td><\/tr><tr><td>28.04.26<\/td><td>Kompetenztest Kl. 3 &#8211; Lesen <\/td><\/tr><tr><td>30.04.26<\/td><td>Kompetenztest Kl. 3 &#8211; Orthographie<\/td><\/tr><\/tbody><\/table><\/figure>\n\n\n\n<p><\/p>\n","protected":false},"excerpt":{"rendered":"<p>April 2026 20.-24.04.2026 &#8222;Hans Christian Andersen&#8220;- Tage: klasseninterne Projekte 21.04.26 B\u00fccherabgabe f\u00fcr den B\u00fccherbasar 22.04.26 &#8222;Fit f\u00fcr Sport&#8220; Kl. 4c 24.04.26 B\u00fcchertausch 27.04.26 Fr\u00fchjahrscrosslauf 28.04.26 Kompetenztest Kl. 3 &#8211; Lesen 30.04.26 Kompetenztest Kl. 3 &#8211; Orthographie<\/p>\n","protected":false},"author":3,"featured_media":0,"parent":0,"menu_order":0,"comment_status":"closed","ping_status":"closed","template":"","meta":{"footnotes":""},"class_list":["post-82","page","type-page","status-publish","hentry"],"_links":{"self":[{"href":"https:\/\/andersen-walschleben.de\/index.php?rest_route=\/wp\/v2\/pages\/82","targetHints":{"allow":["GET"]}}],"collection":[{"href":"https:\/\/andersen-walschleben.de\/index.php?rest_route=\/wp\/v2\/pages"}],"about":[{"href":"https:\/\/andersen-walschleben.de\/index.php?rest_route=\/wp\/v2\/types\/page"}],"author":[{"embeddable":true,"href":"https:\/\/andersen-walschleben.de\/index.php?rest_route=\/wp\/v2\/users\/3"}],"replies":[{"embeddable":true,"href":"https:\/\/andersen-walschleben.de\/index.php?rest_route=%2Fwp%2Fv2%2Fcomments&post=82"}],"version-history":[{"count":57,"href":"https:\/\/andersen-walschleben.de\/index.php?rest_route=\/wp\/v2\/pages\/82\/revisions"}],"predecessor-version":[{"id":2523,"href":"https:\/\/andersen-walschleben.de\/index.php?rest_route=\/wp\/v2\/pages\/82\/revisions\/2523"}],"wp:attachment":[{"href":"https:\/\/andersen-walschleben.de\/index.php?rest_route=%2Fwp%2Fv2%2Fmedia&parent=82"}],"curies":[{"name":"wp","href":"https:\/\/api.w.org\/{rel}","templated":true}]}}